{"id":10,"date":"2025-10-24T10:51:05","date_gmt":"2025-10-24T10:51:05","guid":{"rendered":"https:\/\/mblay.mkmp1.com.es\/mblaywp\/?page_id=10"},"modified":"2025-11-19T08:36:54","modified_gmt":"2025-11-19T08:36:54","slug":"contacto-2","status":"publish","type":"page","link":"https:\/\/mblay.mkmp1.com.es\/mblaywp\/?page_id=10","title":{"rendered":"Contacto"},"content":{"rendered":"\n<p>\u00bfTienes alguna duda, propuesta o simplemente quieres hablar con nosotros?<br>Estamos aqu\u00ed para ayudarte. Completa el formulario con tus datos y te responderemos lo antes posible.<\/p>\n\n\n\n<p>En BOONKERS valoramos cada mensaje: ya sea una consulta sobre nuestros productos, una colaboraci\u00f3n o cualquier idea que quieras compartir. Tu opini\u00f3n es clave para seguir creciendo y creando piezas \u00fanicas dentro del streetwear.<\/p>\n\n\n\n<p>D\u00e9janos tus datos y conectemos. Estamos a un clic de distancia.<\/p>\n\n\n<div class=\"wpforms-container wpforms-container-full wpforms-block wpforms-block-bb26929b-073c-42b5-8ec5-65a5c9221853 wpforms-render-modern\" id=\"wpforms-221\"><form id=\"wpforms-form-221\" class=\"wpforms-validate wpforms-form wpforms-ajax-form\" data-formid=\"221\" method=\"post\" enctype=\"multipart\/form-data\" action=\"\/mblaywp\/index.php?rest_route=%2Fwp%2Fv2%2Fpages%2F10\" data-token=\"40d793101f34819ad4d7585a688e5377\" data-token-time=\"1778755606\"><noscript class=\"wpforms-error-noscript\">Por favor, activa JavaScript en tu navegador para completar este formulario.<\/noscript><div id=\"wpforms-error-noscript\" style=\"display: none;\">Por favor, activa JavaScript en tu navegador para completar este formulario.<\/div><div class=\"wpforms-field-container\">\t\t<div id=\"wpforms-221-field_5-container\"\n\t\t\tclass=\"wpforms-field wpforms-field-text\"\n\t\t\tdata-field-type=\"text\"\n\t\t\tdata-field-id=\"5\"\n\t\t\t>\n\t\t\t<label class=\"wpforms-field-label\" for=\"wpforms-221-field_5\" >Correo o \u00c1reas<\/label>\n\t\t\t<input type=\"text\" id=\"wpforms-221-field_5\" class=\"wpforms-field-medium\" name=\"wpforms[fields][5]\" >\n\t\t<\/div>\n\t\t<div id=\"wpforms-221-field_1-container\" class=\"wpforms-field wpforms-field-name\" data-field-id=\"1\"><fieldset><legend class=\"wpforms-field-label\">Nombre <span class=\"wpforms-required-label\" aria-hidden=\"true\">*<\/span><\/legend><div class=\"wpforms-field-row wpforms-field-medium\"><div class=\"wpforms-field-row-block wpforms-first wpforms-one-half\"><input type=\"text\" id=\"wpforms-221-field_1\" class=\"wpforms-field-name-first wpforms-field-required\" name=\"wpforms[fields][1][first]\" aria-errormessage=\"wpforms-221-field_1-error\" required><label for=\"wpforms-221-field_1\" class=\"wpforms-field-sublabel after\">Nombre<\/label><\/div><div class=\"wpforms-field-row-block wpforms-one-half\"><input type=\"text\" id=\"wpforms-221-field_1-last\" class=\"wpforms-field-name-last wpforms-field-required\" name=\"wpforms[fields][1][last]\" aria-errormessage=\"wpforms-221-field_1-last-error\" required><label for=\"wpforms-221-field_1-last\" class=\"wpforms-field-sublabel after\">Apellidos<\/label><\/div><\/div><\/fieldset><\/div><div id=\"wpforms-221-field_2-container\" class=\"wpforms-field wpforms-field-email\" data-field-id=\"2\"><label class=\"wpforms-field-label\" for=\"wpforms-221-field_2\">Correo electr\u00f3nico <span class=\"wpforms-required-label\" aria-hidden=\"true\">*<\/span><\/label><input type=\"email\" id=\"wpforms-221-field_2\" class=\"wpforms-field-medium wpforms-field-required\" name=\"wpforms[fields][2]\" spellcheck=\"false\" aria-errormessage=\"wpforms-221-field_2-error\" required><\/div><div id=\"wpforms-221-field_4-container\" class=\"wpforms-field wpforms-field-radio wpforms-list-inline\" data-field-id=\"4\"><fieldset><legend class=\"wpforms-field-label\">\u00c1reas de la empresa<\/legend><ul id=\"wpforms-221-field_4\" class=\"wpforms-image-choices wpforms-image-choices-modern\"><li class=\"choice-1 depth-1 wpforms-image-choices-item\"><label class=\"wpforms-field-label-inline\" for=\"wpforms-221-field_4_1\" tabindex=\"0\"><span class=\"wpforms-image-choices-image\"><\/span><input type=\"radio\" id=\"wpforms-221-field_4_1\" class=\"wpforms-screen-reader-element\" name=\"wpforms[fields][4]\" value=\"Informar de un prolema\" aria-errormessage=\"wpforms-221-field_4_1-error\" tabindex=\"-1\"  ><span class=\"wpforms-image-choices-label\">Informar de un prolema<\/span><\/label><\/li><li class=\"choice-2 depth-1 wpforms-image-choices-item\"><label class=\"wpforms-field-label-inline\" for=\"wpforms-221-field_4_2\" tabindex=\"0\"><span class=\"wpforms-image-choices-image\"><\/span><input type=\"radio\" id=\"wpforms-221-field_4_2\" class=\"wpforms-screen-reader-element\" name=\"wpforms[fields][4]\" value=\"Reclamaciones\" aria-errormessage=\"wpforms-221-field_4_2-error\" tabindex=\"-1\"  ><span class=\"wpforms-image-choices-label\">Reclamaciones<\/span><\/label><\/li><li class=\"choice-3 depth-1 wpforms-image-choices-item\"><label class=\"wpforms-field-label-inline\" for=\"wpforms-221-field_4_3\" tabindex=\"0\"><span class=\"wpforms-image-choices-image\"><\/span><input type=\"radio\" id=\"wpforms-221-field_4_3\" class=\"wpforms-screen-reader-element\" name=\"wpforms[fields][4]\" value=\"Otro asunto\" aria-errormessage=\"wpforms-221-field_4_3-error\" tabindex=\"-1\"  ><span class=\"wpforms-image-choices-label\">Otro asunto<\/span><\/label><\/li><\/ul><\/fieldset><\/div><div id=\"wpforms-221-field_3-container\" class=\"wpforms-field wpforms-field-textarea\" data-field-id=\"3\"><label class=\"wpforms-field-label\" for=\"wpforms-221-field_3\">Comentario o mensaje<\/label><textarea id=\"wpforms-221-field_3\" class=\"wpforms-field-medium\" name=\"wpforms[fields][3]\" aria-errormessage=\"wpforms-221-field_3-error\" ><\/textarea><\/div><script>\n\t\t\t\t( function() {\n\t\t\t\t\tconst style = document.createElement( 'style' );\n\t\t\t\t\tstyle.appendChild( document.createTextNode( '#wpforms-221-field_5-container { position: absolute !important; overflow: hidden !important; display: inline !important; height: 1px !important; width: 1px !important; z-index: -1000 !important; padding: 0 !important; } #wpforms-221-field_5-container input { visibility: hidden; } #wpforms-conversational-form-page #wpforms-221-field_5-container label { counter-increment: none; }' ) );\n\t\t\t\t\tdocument.head.appendChild( style );\n\t\t\t\t\tdocument.currentScript?.remove();\n\t\t\t\t} )();\n\t\t\t<\/script><\/div><!-- .wpforms-field-container --><div class=\"wpforms-submit-container\" ><input type=\"hidden\" name=\"wpforms[id]\" value=\"221\"><input type=\"hidden\" name=\"page_title\" value=\"\"><input type=\"hidden\" name=\"page_url\" value=\"https:\/\/mblay.mkmp1.com.es\/mblaywp\/index.php?rest_route=\/wp\/v2\/pages\/10\"><input type=\"hidden\" name=\"url_referer\" value=\"\"><button type=\"submit\" name=\"wpforms[submit]\" id=\"wpforms-submit-221\" class=\"wpforms-submit\" data-alt-text=\"Enviando...\" data-submit-text=\"Enviar\" aria-live=\"assertive\" value=\"wpforms-submit\">Enviar<\/button><img loading=\"lazy\" decoding=\"async\" src=\"https:\/\/mblay.mkmp1.com.es\/mblaywp\/wp-content\/plugins\/wpforms-lite\/assets\/images\/submit-spin.svg\" class=\"wpforms-submit-spinner\" style=\"display: none;\" width=\"26\" height=\"26\" alt=\"Cargando\"><\/div><\/form><\/div>  <!-- .wpforms-container -->\n\n\n<div class=\"wp-block-group is-layout-flow wp-block-group-is-layout-flow\">\n<div class=\"wp-block-group is-layout-flow wp-block-group-is-layout-flow\">\n<div class=\"wp-block-columns is-layout-flex wp-container-core-columns-is-layout-28f84493 wp-block-columns-is-layout-flex\">\n<div class=\"wp-block-column is-layout-flow wp-block-column-is-layout-flow\">\n<p class=\"has-text-align-left has-text-color\" style=\"color:#0bb4aa\">WHERE ARE WE LOCATED<\/p>\n\n\n\n<h2 class=\"wp-block-heading has-text-align-left has-large-font-size\">Our Locations<\/h2>\n\n\n\n<div class=\"wp-block-columns is-layout-flex wp-container-core-columns-is-layout-28f84493 wp-block-columns-is-layout-flex\">\n<div class=\"wp-block-column is-layout-flow wp-block-column-is-layout-flow\">\n<p style=\"line-height:2.5\"><strong>Nacional<\/strong><\/p>\n\n\n\n<p>Zaragoza<\/p>\n\n\n\n<p>Madrid<\/p>\n\n\n\n<p>M\u00e1laga<\/p>\n\n\n\n<p>Sevilla<\/p>\n\n\n\n<p>Valencia<\/p>\n\n\n\n<p>Ibiza<\/p>\n\n\n\n<p>Bilbao<\/p>\n\n\n\n<p>Barcelona<\/p>\n<\/div>\n\n\n\n<div class=\"wp-block-column is-layout-flow wp-block-column-is-layout-flow\">\n<p style=\"line-height:2.5\"><strong>Internacional<\/strong><\/p>\n\n\n\n<p>Lisboa<\/p>\n\n\n\n<p>Marrakesh<\/p>\n\n\n\n<p>Paris<\/p>\n\n\n\n<p>Londres<\/p>\n\n\n\n<p>K\u00d6ln<\/p>\n\n\n\n<p>Roma<\/p>\n\n\n\n<p>Milan<\/p>\n\n\n\n<p>Berl\u00edn<\/p>\n\n\n\n<p>Atenas<\/p>\n\n\n\n<p>Viena<\/p>\n\n\n\n<p>Z\u00farich<\/p>\n<\/div>\n<\/div>\n<\/div>\n\n\n\n<div class=\"wp-block-column is-layout-flow wp-block-column-is-layout-flow\">\n<figure class=\"wp-block-gallery has-nested-images columns-default is-cropped wp-block-gallery-1 is-layout-flex wp-block-gallery-is-layout-flex\">\n<figure class=\"wp-block-image size-large\"><img loading=\"lazy\" decoding=\"async\" width=\"701\" height=\"394\" data-id=\"234\" src=\"https:\/\/mblay.mkmp1.com.es\/mblaywp\/wp-content\/uploads\/2025\/11\/Captura-de-pantalla-32-edited.png\" alt=\"\" class=\"wp-image-234\" srcset=\"https:\/\/mblay.mkmp1.com.es\/mblaywp\/wp-content\/uploads\/2025\/11\/Captura-de-pantalla-32-edited.png 701w, https:\/\/mblay.mkmp1.com.es\/mblaywp\/wp-content\/uploads\/2025\/11\/Captura-de-pantalla-32-edited-300x169.png 300w\" sizes=\"auto, (max-width: 701px) 100vw, 701px\" \/><\/figure>\n<\/figure>\n<\/div>\n<\/div>\n\n\n\n<div style=\"height:52px\" aria-hidden=\"true\" class=\"wp-block-spacer\"><\/div>\n<\/div>\n<\/div>\n\n\n\n<div class=\"wp-block-group has-global-padding is-layout-constrained wp-block-group-is-layout-constrained\">\n<div style=\"height:45px\" aria-hidden=\"true\" class=\"wp-block-spacer\"><\/div>\n<\/div>\n","protected":false},"excerpt":{"rendered":"<p>\u00bfTienes alguna duda, propuesta o simplemente quieres hablar con nosotros?Estamos aqu\u00ed para ayudarte. Completa el formulario con tus datos y te responderemos lo antes posible. En BOONKERS valoramos cada mensaje: ya sea una consulta sobre nuestros productos, una colaboraci\u00f3n o cualquier idea que quieras compartir. Tu opini\u00f3n es clave para seguir creciendo y creando piezas &hellip; <\/p>\n<p class=\"link-more\"><a href=\"https:\/\/mblay.mkmp1.com.es\/mblaywp\/?page_id=10\" class=\"more-link\">Leer m\u00e1s<span class=\"screen-reader-text\"> \u00abContacto\u00bb<\/span><\/a><\/p>\n","protected":false},"author":1,"featured_media":108,"parent":0,"menu_order":0,"comment_status":"closed","ping_status":"closed","template":"","meta":{"footnotes":""},"class_list":["post-10","page","type-page","status-publish","has-post-thumbnail","hentry"],"_links":{"self":[{"href":"https:\/\/mblay.mkmp1.com.es\/mblaywp\/index.php?rest_route=\/wp\/v2\/pages\/10","targetHints":{"allow":["GET"]}}],"collection":[{"href":"https:\/\/mblay.mkmp1.com.es\/mblaywp\/index.php?rest_route=\/wp\/v2\/pages"}],"about":[{"href":"https:\/\/mblay.mkmp1.com.es\/mblaywp\/index.php?rest_route=\/wp\/v2\/types\/page"}],"author":[{"embeddable":true,"href":"https:\/\/mblay.mkmp1.com.es\/mblaywp\/index.php?rest_route=\/wp\/v2\/users\/1"}],"replies":[{"embeddable":true,"href":"https:\/\/mblay.mkmp1.com.es\/mblaywp\/index.php?rest_route=%2Fwp%2Fv2%2Fcomments&post=10"}],"version-history":[{"count":10,"href":"https:\/\/mblay.mkmp1.com.es\/mblaywp\/index.php?rest_route=\/wp\/v2\/pages\/10\/revisions"}],"predecessor-version":[{"id":239,"href":"https:\/\/mblay.mkmp1.com.es\/mblaywp\/index.php?rest_route=\/wp\/v2\/pages\/10\/revisions\/239"}],"wp:featuredmedia":[{"embeddable":true,"href":"https:\/\/mblay.mkmp1.com.es\/mblaywp\/index.php?rest_route=\/wp\/v2\/media\/108"}],"wp:attachment":[{"href":"https:\/\/mblay.mkmp1.com.es\/mblaywp\/index.php?rest_route=%2Fwp%2Fv2%2Fmedia&parent=10"}],"curies":[{"name":"wp","href":"https:\/\/api.w.org\/{rel}","templated":true}]}}